{"id":149,"date":"2025-03-24T19:22:34","date_gmt":"2025-03-24T18:22:34","guid":{"rendered":"https:\/\/anka-glinka.zuzannadomrzalska.pl\/?page_id=149"},"modified":"2025-03-24T19:35:51","modified_gmt":"2025-03-24T18:35:51","slug":"o-mnie","status":"publish","type":"page","link":"https:\/\/anka-glinka.zuzannadomrzalska.pl\/?page_id=149","title":{"rendered":"O mnie"},"content":{"rendered":"\t\t<div data-elementor-type=\"wp-page\" data-elementor-id=\"149\" class=\"elementor elementor-149\" data-elementor-post-type=\"page\">\n\t\t\t\t\t\t<section class=\"elementor-section elementor-top-section elementor-element elementor-element-ca2d60c elementor-section-content-middle elementor-section-boxed elementor-section-height-default elementor-section-height-default\" data-id=\"ca2d60c\" data-element_type=\"section\" data-settings=\"{&quot;background_background&quot;:&quot;classic&quot;,&quot;background_motion_fx_motion_fx_mouse&quot;:&quot;yes&quot;,&quot;background_motion_fx_mouseTrack_effect&quot;:&quot;yes&quot;,&quot;background_motion_fx_mouseTrack_speed&quot;:{&quot;unit&quot;:&quot;px&quot;,&quot;size&quot;:0.5,&quot;sizes&quot;:[]}}\">\n\t\t\t\t\t\t<div class=\"elementor-container elementor-column-gap-no\">\n\t\t\t\t\t<div class=\"elementor-column elementor-col-50 elementor-top-column elementor-element elementor-element-9d4db4a\" data-id=\"9d4db4a\" data-element_type=\"column\">\n\t\t\t<div class=\"elementor-widget-wrap elementor-element-populated\">\n\t\t\t\t\t\t<div class=\"elementor-element elementor-element-0702f6a eael-dual-header-content-align-left elementor-widget__width-initial elementor-widget elementor-widget-eael-dual-color-header\" data-id=\"0702f6a\" data-element_type=\"widget\" data-widget_type=\"eael-dual-color-header.default\">\n\t\t\t\t<div class=\"elementor-widget-container\">\n\t\t\t\t\t\t\t\t<div class=\"eael-dual-header\">\n\t\t\t\t<h2 class=\"title\"><span class=\"lead solid-color\"><\/span> <span>Cze\u015b\u0107!<\/span><\/h2>\t\t\t\t<span class=\"subtext\"><\/span>\n\t\t\t\t\t\t\t<\/div>\n\n\t\t\t\t\t\t<\/div>\n\t\t\t\t<\/div>\n\t\t\t\t<div class=\"elementor-element elementor-element-3e39a74 elementor-widget__width-initial elementor-widget-mobile__width-initial elementor-widget elementor-widget-text-editor\" data-id=\"3e39a74\" data-element_type=\"widget\" data-widget_type=\"text-editor.default\">\n\t\t\t\t<div class=\"elementor-widget-container\">\n\t\t\t\t\t\t\t\t\t<p data-start=\"242\" data-end=\"292\"><strong data-start=\"242\" data-end=\"286\">Jestem Anka, dla przyjaci\u00f3\u0142 Glinka.<\/strong>&nbsp;<\/p>\n<p data-start=\"294\" data-end=\"565\">Od zawsze mia\u0142am w r\u0119kach co\u015b do tworzenia \u2013 najpierw kredki, potem farby, a\u017c w ko\u0144cu odkry\u0142am <strong data-start=\"389\" data-end=\"398\">glin\u0119<\/strong>. I to by\u0142a mi\u0142o\u015b\u0107 od pierwszego dotyku. Dzi\u015b tworz\u0119 <strong data-start=\"451\" data-end=\"501\">unikalne, r\u0119cznie robione naczynia i dekoracje<\/strong>, kt\u00f3re nie tylko zdobi\u0105 wn\u0119trza, ale te\u017c opowiadaj\u0105 histori\u0119.<\/p>\n<h3 data-start=\"567\" data-end=\"596\"><strong data-start=\"571\" data-end=\"594\">Jak to si\u0119 zacz\u0119\u0142o?<\/strong><\/h3>\n<p data-start=\"597\" data-end=\"874\">Moja przygoda z ceramik\u0105 zacz\u0119\u0142a si\u0119 kilka lat temu, kiedy po raz pierwszy usiad\u0142am przy kole garncarskim. Pocz\u0105tkowo by\u0142a to pasja, p\u00f3\u017aniej sta\u0142a si\u0119 moim sposobem na \u017cycie. Uczy\u0142am si\u0119 od do\u015bwiadczonych ceramik\u00f3w, testowa\u0142am r\u00f3\u017cne techniki, bawi\u0142am si\u0119 formami i szkliwami.<\/p>\n<h3 data-start=\"876\" data-end=\"896\"><strong data-start=\"880\" data-end=\"894\">Co tworz\u0119?<\/strong><\/h3>\n<p data-start=\"897\" data-end=\"1158\">W mojej pracowni powstaj\u0105 <strong data-start=\"923\" data-end=\"975\">niepowtarzalne kubki, miski, talerze i dekoracje<\/strong>, kt\u00f3re \u0142\u0105cz\u0105 w sobie <strong data-start=\"997\" data-end=\"1031\">natur\u0119, minimalizm i rzemios\u0142o<\/strong>. Ka\u017cdy przedmiot przechodzi przez moje r\u0119ce \u2013 od surowej bry\u0142y gliny, przez modelowanie i wypa\u0142, a\u017c po staranne szkliwienie.<\/p>\n<h3 data-start=\"1160\" data-end=\"1184\"><strong data-start=\"1164\" data-end=\"1182\">Moja filozofia<\/strong><\/h3>\n<p data-start=\"1185\" data-end=\"1352\">Wierz\u0119, \u017ce ceramika to nie tylko naczynia \u2013 to spos\u00f3b na celebrowanie codzienno\u015bci. Chc\u0119, aby moje prace wnosi\u0142y do dom\u00f3w ciep\u0142o, spok\u00f3j i odrobin\u0119 magii r\u0119kodzie\u0142a.<\/p>\n<h3 data-start=\"1354\" data-end=\"1390\"><strong data-start=\"1358\" data-end=\"1388\">Gdzie mo\u017cesz mnie znale\u017a\u0107?<\/strong><\/h3>\n<p data-start=\"1391\" data-end=\"1586\">Moje prace mo\u017cna zobaczy\u0107 na <strong data-start=\"1420\" data-end=\"1481\">targach r\u0119kodzie\u0142a, warsztatach i w wybranych kawiarniach<\/strong>. Je\u015bli chcesz dowiedzie\u0107 si\u0119, gdzie si\u0119 spotkamy, zajrzyj do sekcji&nbsp;<strong data-start=\"1552\" data-end=\"1583\">&#8222;Gdzie mo\u017cemy si\u0119 spotka\u0107?&#8221;<\/strong>.<\/p>\n<p data-start=\"1588\" data-end=\"1653\"><strong data-start=\"1591\" data-end=\"1651\">Zapraszam do mojego \u015bwiata pe\u0142nego pasji!<\/strong><\/p>\t\t\t\t\t\t\t\t<\/div>\n\t\t\t\t<\/div>\n\t\t\t\t<div class=\"elementor-element elementor-element-2c77862 elementor-widget__width-inherit elementor-widget-divider--view-line elementor-widget elementor-widget-divider\" data-id=\"2c77862\" data-element_type=\"widget\" data-widget_type=\"divider.default\">\n\t\t\t\t<div class=\"elementor-widget-container\">\n\t\t\t\t\t\t\t<div class=\"elementor-divider\">\n\t\t\t<span class=\"elementor-divider-separator\">\n\t\t\t\t\t\t<\/span>\n\t\t<\/div>\n\t\t\t\t\t\t<\/div>\n\t\t\t\t<\/div>\n\t\t\t\t\t<\/div>\n\t\t<\/div>\n\t\t\t\t<div class=\"elementor-column elementor-col-50 elementor-top-column elementor-element elementor-element-610a1a9\" data-id=\"610a1a9\" data-element_type=\"column\">\n\t\t\t<div class=\"elementor-widget-wrap elementor-element-populated\">\n\t\t\t\t\t\t<div class=\"elementor-element elementor-element-1770dae elementor-widget elementor-widget-image\" data-id=\"1770dae\" data-element_type=\"widget\" data-widget_type=\"image.default\">\n\t\t\t\t<div class=\"elementor-widget-container\">\n\t\t\t\t\t\t\t\t\t\t\t\t\t\t\t<img fetchpriority=\"high\" decoding=\"async\" width=\"1707\" height=\"2560\" src=\"https:\/\/anka-glinka.zuzannadomrzalska.pl\/wp-content\/uploads\/2025\/03\/medium-shot-woman-holding-clay-leaf-scaled.jpg\" class=\"attachment-full size-full wp-image-58\" alt=\"\" srcset=\"https:\/\/anka-glinka.zuzannadomrzalska.pl\/wp-content\/uploads\/2025\/03\/medium-shot-woman-holding-clay-leaf-scaled.jpg 1707w, https:\/\/anka-glinka.zuzannadomrzalska.pl\/wp-content\/uploads\/2025\/03\/medium-shot-woman-holding-clay-leaf-200x300.jpg 200w, https:\/\/anka-glinka.zuzannadomrzalska.pl\/wp-content\/uploads\/2025\/03\/medium-shot-woman-holding-clay-leaf-683x1024.jpg 683w, https:\/\/anka-glinka.zuzannadomrzalska.pl\/wp-content\/uploads\/2025\/03\/medium-shot-woman-holding-clay-leaf-768x1152.jpg 768w, https:\/\/anka-glinka.zuzannadomrzalska.pl\/wp-content\/uploads\/2025\/03\/medium-shot-woman-holding-clay-leaf-1024x1536.jpg 1024w, https:\/\/anka-glinka.zuzannadomrzalska.pl\/wp-content\/uploads\/2025\/03\/medium-shot-woman-holding-clay-leaf-1365x2048.jpg 1365w\" sizes=\"(max-width: 1707px) 100vw, 1707px\" \/>\t\t\t\t\t\t\t\t\t\t\t\t\t\t\t<\/div>\n\t\t\t\t<\/div>\n\t\t\t\t<div class=\"elementor-element elementor-element-9dfbc9d elementor-widget__width-auto elementor-absolute elementor-widget elementor-widget-image\" data-id=\"9dfbc9d\" data-element_type=\"widget\" data-settings=\"{&quot;_position&quot;:&quot;absolute&quot;,&quot;motion_fx_motion_fx_mouse&quot;:&quot;yes&quot;,&quot;motion_fx_mouseTrack_effect&quot;:&quot;yes&quot;,&quot;motion_fx_mouseTrack_speed&quot;:{&quot;unit&quot;:&quot;px&quot;,&quot;size&quot;:0.5,&quot;sizes&quot;:[]}}\" data-widget_type=\"image.default\">\n\t\t\t\t<div class=\"elementor-widget-container\">\n\t\t\t\t\t\t\t\t\t\t\t\t\t\t\t<img decoding=\"async\" width=\"1338\" height=\"1318\" src=\"https:\/\/anka-glinka.zuzannadomrzalska.pl\/wp-content\/uploads\/2025\/03\/d20e2048-grad-2-1.png\" class=\"attachment-full size-full wp-image-35\" alt=\"\" srcset=\"https:\/\/anka-glinka.zuzannadomrzalska.pl\/wp-content\/uploads\/2025\/03\/d20e2048-grad-2-1.png 1338w, https:\/\/anka-glinka.zuzannadomrzalska.pl\/wp-content\/uploads\/2025\/03\/d20e2048-grad-2-1-300x296.png 300w, https:\/\/anka-glinka.zuzannadomrzalska.pl\/wp-content\/uploads\/2025\/03\/d20e2048-grad-2-1-1024x1009.png 1024w, https:\/\/anka-glinka.zuzannadomrzalska.pl\/wp-content\/uploads\/2025\/03\/d20e2048-grad-2-1-768x757.png 768w\" sizes=\"(max-width: 1338px) 100vw, 1338px\" \/>\t\t\t\t\t\t\t\t\t\t\t\t\t\t\t<\/div>\n\t\t\t\t<\/div>\n\t\t\t\t\t<\/div>\n\t\t<\/div>\n\t\t\t\t\t<\/div>\n\t\t<\/section>\n\t\t\t\t<\/div>\n\t\t","protected":false},"excerpt":{"rendered":"<p>Cze\u015b\u0107! Jestem Anka, dla przyjaci\u00f3\u0142 Glinka.&nbsp; Od zawsze mia\u0142am w r\u0119kach co\u015b do tworzenia \u2013 najpierw kredki, potem farby, a\u017c [&hellip;]<\/p>\n","protected":false},"author":1,"featured_media":0,"parent":0,"menu_order":0,"comment_status":"closed","ping_status":"closed","template":"","meta":{"site-sidebar-layout":"no-sidebar","site-content-layout":"","ast-site-content-layout":"full-width-container","site-content-style":"default","site-sidebar-style":"default","ast-global-header-display":"","ast-banner-title-visibility":"","ast-main-header-display":"","ast-hfb-above-header-display":"","ast-hfb-below-header-display":"","ast-hfb-mobile-header-display":"","site-post-title":"disabled","ast-breadcrumbs-content":"","ast-featured-img":"disabled","footer-sml-layout":"","theme-transparent-header-meta":"","adv-header-id-meta":"","stick-header-meta":"","header-above-stick-meta":"","header-main-stick-meta":"","header-below-stick-meta":"","astra-migrate-meta-layouts":"default","ast-page-background-enabled":"default","ast-page-background-meta":{"desktop":{"background-color":"var(--ast-global-color-5)","background-image":"","background-repeat":"repeat","background-position":"center center","background-size":"auto","background-attachment":"scroll","background-type":"","background-media":"","overlay-type":"","overlay-color":"","overlay-opacity":"","overlay-gradient":""},"tablet":{"background-color":"","background-image":"","background-repeat":"repeat","background-position":"center center","background-size":"auto","background-attachment":"scroll","background-type":"","background-media":"","overlay-type":"","overlay-color":"","overlay-opacity":"","overlay-gradient":""},"mobile":{"background-color":"","background-image":"","background-repeat":"repeat","background-position":"center center","background-size":"auto","background-attachment":"scroll","background-type":"","background-media":"","overlay-type":"","overlay-color":"","overlay-opacity":"","overlay-gradient":""}},"ast-content-background-meta":{"desktop":{"background-color":"var(--ast-global-color-4)","background-image":"","background-repeat":"repeat","background-position":"center center","background-size":"auto","background-attachment":"scroll","background-type":"","background-media":"","overlay-type":"","overlay-color":"","overlay-opacity":"","overlay-gradient":""},"tablet":{"background-color":"var(--ast-global-color-4)","background-image":"","background-repeat":"repeat","background-position":"center center","background-size":"auto","background-attachment":"scroll","background-type":"","background-media":"","overlay-type":"","overlay-color":"","overlay-opacity":"","overlay-gradient":""},"mobile":{"background-color":"var(--ast-global-color-4)","background-image":"","background-repeat":"repeat","background-position":"center center","background-size":"auto","background-attachment":"scroll","background-type":"","background-media":"","overlay-type":"","overlay-color":"","overlay-opacity":"","overlay-gradient":""}},"footnotes":""},"class_list":["post-149","page","type-page","status-publish","hentry"],"_links":{"self":[{"href":"https:\/\/anka-glinka.zuzannadomrzalska.pl\/index.php?rest_route=\/wp\/v2\/pages\/149","targetHints":{"allow":["GET"]}}],"collection":[{"href":"https:\/\/anka-glinka.zuzannadomrzalska.pl\/index.php?rest_route=\/wp\/v2\/pages"}],"about":[{"href":"https:\/\/anka-glinka.zuzannadomrzalska.pl\/index.php?rest_route=\/wp\/v2\/types\/page"}],"author":[{"embeddable":true,"href":"https:\/\/anka-glinka.zuzannadomrzalska.pl\/index.php?rest_route=\/wp\/v2\/users\/1"}],"replies":[{"embeddable":true,"href":"https:\/\/anka-glinka.zuzannadomrzalska.pl\/index.php?rest_route=%2Fwp%2Fv2%2Fcomments&post=149"}],"version-history":[{"count":8,"href":"https:\/\/anka-glinka.zuzannadomrzalska.pl\/index.php?rest_route=\/wp\/v2\/pages\/149\/revisions"}],"predecessor-version":[{"id":180,"href":"https:\/\/anka-glinka.zuzannadomrzalska.pl\/index.php?rest_route=\/wp\/v2\/pages\/149\/revisions\/180"}],"wp:attachment":[{"href":"https:\/\/anka-glinka.zuzannadomrzalska.pl\/index.php?rest_route=%2Fwp%2Fv2%2Fmedia&parent=149"}],"curies":[{"name":"wp","href":"https:\/\/api.w.org\/{rel}","templated":true}]}}